 is the highest common factor of s and 24?
6
Suppose 0 = -0*q + 5*q - 85. Suppose -2435*u + 2380 = -2415*u. Calculate the highest common divisor of q and u.
17
Let i(h) = -2*h**3 + 152*h**2 - h + 83. Let n be i(76). Suppose 168 = 5*w + 28. What is the highest common divisor of w and n?
7
Let h = 802 - 549. Let g = -286 - -286. Suppose g = c - 3*l - 11, 2*c + 4*l - 108 = -2*c. What is the greatest common divisor of h and c?
23
Let u(b) = 6*b + 11. Let c be u(-2). Let i be 0 - ((-44)/6 + c/(-3)). Let q = i + 1. Calculate the highest common factor of q and 16.
8
Suppose -2*j + 2*x = x - 14, 5*j = -5*x + 5. Let l be 25/(8/8) - j*-1. What is the greatest common divisor of 25 and l?
5
Let v = 92 + -442. Let u = 361 + v. Calculate the highest common factor of 319 and u.
11
Let p(z) = -13*z**3 - 4*z - 3. Let i = 277 - 278. Let m be p(i). Calculate the greatest common factor of m and 35.
7
Suppose -21*c - 174 = -27*c. Let f = c - 28. Calculate the highest common divisor of 43 and f.
1
Let c be ((-20)/16*1)/(1 - (-394)/(-392)). What is the highest common factor of c and 2009?
49
Let y = -324 - -356. What is the greatest common divisor of y and 48?
16
Suppose -25*h = 3*z - 30*h - 58, 4*z = -3*h + 29. Calculate the highest common divisor of z and 22968.
11
Let o be (1/3)/((-10)/(-120)). Let v be o/((-2)/(-80)*5). Suppose -8*s = -4*s - 512. What is the highest common factor of v and s?
32
Let r(l) = -260*l**3 + 2*l**2 + l - 2. Let k be r(1). Let n be (13 - k/(-21)) + 79/3. Let v = 4 - -104. What is the highest common factor of v and n?
27
Let l = 11 - -913. Calculate the greatest common factor of 198 and l.
66
Suppose 27*h + 21*h = -3*h + 67830. Calculate the highest common factor of 70 and h.
70
Let v(g) = 16*g**2 + 57*g + 54. Let n be v(-1). What is the highest common factor of n and 6331?
13
Let h = 1380 - 1232. Suppose u - 6 = 4*u, 2*l = -u - 18. Let r(p) = -7*p - 19. Let d be r(l). What is the greatest common divisor of h and d?
37
Suppose -2*p - 3*p = -225. Let a = -40 + 387. Let s = a + 13. Calculate the greatest common divisor of s and p.
45
Let t = -23 + 100. Let c = 298 - 298. Suppose -31 = g - p - 47, g - 3*p - 26 = c. What is the greatest common divisor of t and g?
11
Let x = -64 - -70. Let u(a) = a**3 - 10*a**2 + 25*a - 2. Let l be u(x). Let d be -4*((-26)/l - -5). What is the greatest common divisor of 42 and d?
6
Let s = 3832 + -3760. Calculate the greatest common divisor of 180 and s.
36
Let l = 732 - -17108. What is the greatest common factor of l and 80?
80
Suppose -98*c = -4*y - 95*c + 7583, 7581 = 4*y - c. Calculate the highest common factor of y and 20.
5
Suppose -3*i + 14*i = 1899 - 964. Calculate the highest common factor of i and 544.
17
Let s be 4 + (-33)/4*(-20 + 24). Let c = s + 32. Let i(t) = 2*t**2 - t + 3. Let b be i(-3). Calculate the highest common factor of c and b.
3
Suppose 0 = 208*q + 152*q + 2116 - 14716. Let v = 44 + 1. What is the greatest common divisor of v and q?
5
Let l(p) = -235*p - 22. Let s be l(1). Let o = s - -283. What is the greatest common divisor of 221 and o?
13
Suppose 15*h = 14*h. Let f be h + 3 + 0 + 2. Suppose 6*q - 19 = f. What is the greatest common divisor of q and 4?
4
Suppose -7*w - 730 = -4*i - 9*w, 2*w = 3*i - 551. Let b = -163 + i. Calculate the greatest common factor of b and 460.
20
Suppose 12*u = h + 8*u - 7, 5 = 5*h - 5*u. Suppose 10 = -3*t + 4*i - 2, i = 3. Let z be h/(-2)*6 + 26 + t. Calculate the greatest common divisor of z and 232.
29
Suppose -d + 864 = -2*c, -2*d + 9*c + 1692 = 11*c. Calculate the greatest common factor of 102 and d.
6
Let g(u) be the second derivative of 0 - 10*u - 1/2*u**3 + 5/2*u**2 + 2/3*u**4. Let w be g(2). Calculate the highest common factor of 62 and w.
31
Let l = -2301 - -2469. What is the highest common factor of l and 357?
21
Suppose 0 = f - 2, -4*f = 4*u + u - 33. Let a be (27/u)/((-26)/(-1170)). What is the greatest common divisor of 27 and a?
27
Let i be (-14)/105*3 + (-7)/(-5). Let s be (-16)/4*i + 2 + 33. Suppose 3*m - 2*m = 248. Calculate the greatest common divisor of s and m.
31
Let r be 117/45 + -2 - 6882/(-5). Let i = -1 - 4. Let m be r/45 + 3/i. What is the greatest common divisor of 6 and m?
6
Suppose 9*h - 18 = 9. Suppose h*q + 37 = 91. Let f be (-3)/q + 0 - 584/(-48). What is the greatest common divisor of 12 and f?
12
Let a(v) = -v**2 + 12*v - 1. Let p be a(6). Let q be 3/1 + 5/(-5). Suppose 0 = -m + 5*m + 20, -2*u = -q*m - 20. What is the highest common factor of u and p?
5
Suppose 0 = 4*s + 3*g - 2909, 90 - 93 = -g. Calculate the greatest common divisor of s and 1775.
25
Let n be (6 - -1) + 8/(-1) + 5. Let y be (-69)/(-6) + -1 - 2/n. Let r = -86 + 176. What is the highest common divisor of r and y?
10
Let a be 5/15*9 - 1. Let r(j) = 3*j + a - j**3 + 8*j**2 - j - 13. Let g be r(8). Calculate the highest common divisor of 1 and g.
1
Let v be (-2 - 2) + 1 + 60. Suppose 2*t = v - 5. Let k(b) = 5*b + 43. Let w be k(-6). Calculate the highest common factor of t and w.
13
Suppose 107 = 2*i + 37. Suppose 57 - 112 = -4*y + 5*d, -3*y + 42 = -4*d. Calculate the highest common divisor of y and i.
5
Suppose -6*p + 8*p + 20 = 3*x, 3*p + 32 = 5*x. Suppose 0 = -5*m + 3*w + 89, -x*m - 4*w - 17 = -69. Calculate the greatest common divisor of m and 128.
16
Let j be (36/(-10) - -3)/(6/(-30)). Suppose 3*f = w + 14, -f = j*f - w - 18. Calculate the highest common divisor of 44 and f.
4
Let g = -49 - -52. Let i(h) = -6*h + h**3 - 3*h**3 - 7*h + h**g - 11*h**2 - 7. Let w be i(-10). What is the highest common divisor of 184 and w?
23
Let j(p) = -14*p**3 - p**2 - 4*p + 5. Let b be j(1). Let v(t) = -4*t + 42. Let i be v(b). Calculate the highest common factor of i and 14.
14
Suppose 5*z + 3*v = 180, -226*v + 50 = -221*v. Let m(g) = 4*g**2 - 5*g - 2. Let w be m(4). What is the highest common divisor of w and z?
6
Let x = -2738 + 3835. Suppose -x*q - 1479 = -1100*q. What is the greatest common divisor of q and 17?
17
Suppose c + 8*c - 81 = 0. Suppose 13*j - c*j = 88. Let x(n) = n + 55. Let a be x(0). What is the highest common factor of j and a?
11
Let o(u) = -u**2 - 37*u - 12. Let b be o(-9). Let i(a) = -3*a + 6. Let r be i(-3). Calculate the highest common divisor of r and b.
15
Suppose -42*i = -46020 - 77124. Calculate the highest common divisor of i and 4.
4
Let n be (-45)/735*-7 + (-24522)/(-14). Calculate the highest common divisor of n and 72.
24
Suppose -4067 = -18*p + 4933. Suppose 172 = -3*l + 3*a + 775, 5*l - 4*a = 1004. What is the highest common divisor of l and p?
100
Suppose 275 = 5*u - 5*s, 0 = u + 5*s - 54 - 25. Suppose 0 = 53*o - u*o + 12. Calculate the greatest common divisor of o and 10.
2
Let q be 69/161 + 4 + 2104/7. What is the highest common factor of 25 and q?
5
Let t be (592/(-74))/((-4)/6). Let m = -3 + 3. Let k = m - -3. Calculate the greatest common factor of k and t.
3
Suppose -143*c + 2*l - 8296 = -145*c, 6*c - l - 24902 = 0. Calculate the greatest common factor of c and 83.
83
Suppose -6*p + 6 = 24. Let h(w) = 1998*w**2 + 4*w + 6. Let i be h(p). Let c be i/98 + (-4)/(-7). What is the greatest common divisor of c and 23?
23
Let t(b) = 47*b + 1933. Let u be t(-39). What is the highest common divisor of 3025 and u?
25
Let k(a) = -27 - 20*a - 33 + 27*a + 13. Let j be k(9). What is the highest common factor of j and 152?
8
Suppose -111 = -9*c + 9*q - 13*q, 5*c = 4*q + 99. Calculate the highest common divisor of 57 and c.
3
Let l(f) = 13*f + 258. Suppose -3*o = p + 50, -o + 12 - 42 = 3*p. Let s be l(o). Calculate the greatest common divisor of 14 and s.
7
Suppose -3*c + 96 = 3*a, 0 = 13*c - 12*c - a - 44. Calculate the highest common factor of 11248 and c.
38
Let w = -207 - -211. Suppose -w*q = -3*v - 1406, 0*v - 1054 = -3*q + 2*v. Calculate the greatest common divisor of 14 and q.
14
Let s = 3363 - 3171. What is the highest common divisor of s and 2368?
64
Let s = -23204 + 23248. What is the highest common factor of s and 30844?
44
Let j be (1 + 0 + 5/(-10))/((-17)/(-96628)). Calculate the highest common divisor of j and 28.
14
Suppose -1547 + 2846 = 29*x - 2616. Calculate the greatest common factor of x and 1458.
27
Let s = 58 + 32. Let d be (-2450)/25725 - (-2 + (-2480)/21). What is the highest common divisor of d and s?
30
Suppose 0 